 1. Let v(f) = f**2 - 6*f + 5. Let k(n) = -2*o(n) - v(n). Suppose 3 = -z + 5. Give k(z).
-7
Let x be 0 - -8 - (-3 - -7). Let t(w) = w**2 - w + 1. Calculate t(x).
13
Let l(s) be the second derivative of 0 + 1/2*s**2 + 1/3*s**3 - s. Suppose 0 = -d + 2*d + 4. Determine l(d).
-7
Suppose -v + 4*v - 3 = 0. Let u(c) = -7*c. Calculate u(v).
-7
Let g(t) = t - 7. Let b be -5*(-2 - (-8)/5). Suppose b*p = 4*p - 4. Suppose -5*j - 25 = 0, p*a = j + j + 10. Give g(a).
-7
Suppose 0 = l + 5*i + 25, 0 = 4*l + 3*i + 32. Let z = l - -4. Let r(o) = -o + 1. Determine r(z).
2
Suppose 0 = -2*r + 3 + 7. Let p(m) = m**3 - 4*m**2 - 5*m + 1. Calculate p(r).
1
Let n(q) = -q + 2. Let a = 25 - 17. Let c = a - 3. Calculate n(c).
-3
Let o(u) be the second derivative of -2/3*u**3 + 9*u + 1/2*u**2 - 1/12*u**4 + 0. Calculate o(-2).
5
Let d(i) = 7*i + 0*i - 19 - 6*i. Determine d(0).
-19
Let z(w) = -2*w**2 + 3*w + 1. Suppose 0*j = -4*j - 8. Determine z(j).
-13
Let r be 0/(2*(1 + 0)). Let w be 55/33 - 2/3. Let i(b) = w - 6 + b + r. Calculate i(4).
-1
Let u(j) = -12*j**2. Suppose 0 = -4*q + 4. Give u(q).
-12
Suppose -4*v + 5*t + 26 = 0, -4*v - 2*t = v - 16. Suppose 4*w - v = -12. Let l(b) = -2*b**3 - 4*b**2 - 2*b. Determine l(w).
4
Let j(w) be the first derivative of w**2/2 + 12*w - 4. Let i be j(-10). Let v(r) = 2*r + i - 4 + 0 - 4*r. What is v(2)?
-6
Let i(r) be the first derivative of -r**4/4 - 2*r**3 - r**2 + 5*r + 20. Determine i(-6).
17
Let m(c) be the first derivative of c**3/3 + 2*c**2 - 4*c - 6. Calculate m(-5).
1
Let y(x) = -5*x + 3. Suppose -2*c + 5*a - 9 = 0, -a - 32 = 4*c + 3*a. Let u(q) = -4*q + 3. Let k(l) = c*u(l) + 6*y(l). Give k(-5).
7
Let a = 16 - 14. Let j(i) = -a + 1 + 1 - i. Determine j(-6).
6
Let o(h) = -h - 1. Let r = -9 - -13. Let x = r + -10. Give o(x).
5
Let j(o) be the first derivative of -2*o**2 + 3*o**2 + 5*o - 4 - 11*o + 0*o**2. Let c be ((-18)/15)/((-3)/10). Determine j(c).
2
Let h(w) = -w**3 - 3*w**2 + w. Suppose 9 = 2*k - 5*k. Determine h(k).
-3
Let z(j) = j**3 + j - 1. Suppose 5*c = -3*x + 4, -2*c + 6*c + 10 = 2*x. Determine z(x).
29
Suppose 3*n - 1 - 8 = 0. Let d(p) = 6*p - p**2 - n*p + 3*p. Let o(r) = r**3 - 4*r**2 + 6*r + 1. Let t be o(2). What is d(t)?
5
Let c(s) = s + 5*s - 6 - 3*s + 10. Let y(z) = z**3 - 4*z**2 + z + 3. Let o be y(3). Let m be c(o). Let i(f) = -f - 12. Determine i(m).
-7
Suppose 2*t - 4*s = 8, 3*t - 3 = 4*s + 7. Suppose 6*v - t*v = 12. Let g(z) = -z**3 + z**2 + 4*z - 2. Calculate g(v).
-8
Let g(n) = 5*n. Let j(h) = h - 6. Let r be j(5). Determine g(r).
-5
Let c(m) = 2*m**2 + 3*m + 2 + 0 - 3*m**2 + 0*m. Suppose -3*z = -5*d - 1 - 3, z - 7 = -4*d. Suppose -23 + z = -4*j. Determine c(j).
-8
Let r(i) = i**2 - 2*i. Let k be r(3). Let z = k - 4. Let c(x) = -x**3 - x**2 - x - 1. Give c(z).
0
Let h(i) = i**3 + 5*i**2 + 2*i - 4. Let d be h(-5). Let x = d + 16. Let q(c) = -c**2 + 5*c - 1. Determine q(x).
5
Let u(s) = 3*s - 6. Let d(i) = -i**2 - i. Let w be d(-1). Suppose -r + 5*r - 16 = w. Suppose 0 = -0*o - o + r. What is u(o)?
6
Let t(u) = -3*u**3 + 2*u**2 + u - 1. Let h be t(-1). Let w(f) = -f**2 - 2*f + 3. Determine w(h).
-12
Suppose 6*v = 7*v. Let j(p) be the first derivative of 0*p**3 - 1 + 0*p**2 + 1/4*p**4 - 9*p. Determine j(v).
-9
Let y(m) = -m**3 - 4*m**2 + 6*m + 2. Suppose -8 = 2*l + 2. Determine y(l).
-3
Let j(h) be the second derivative of -3*h - 5/2*h**2 + 1/2*h**3 + 0 + 1/20*h**5 - 1/3*h**4. Suppose 0*u - 5*u = -20. Give j(u).
7
Suppose j - 6 = -3*f - 2*j, 0 = 2*f + 3*j - 3. Let l(n) = -n**2 + 2. Let s(m) = m**2 - m - 1. Let b(p) = -3*l(p) - 2*s(p). Determine b(f).
11
Let z(k) = 3*k**2 + 23*k + 11. Let a(y) = -y**2 - 8*y - 4. Let b(f) = -17*a(f) - 6*z(f). Suppose -13 = 5*p + 2. Determine b(p).
-1
Let h(r) be the third derivative of -1/120*r**6 + r**2 - 1/24*r**4 + 0*r - 7/6*r**3 + 0 + 1/60*r**5. Calculate h(0).
-7
Let t(u) be the third derivative of -u**4/24 + 5*u**3/3 + 8*u**2. Suppose 5*n - o = 26, 4 = -0*n + n + o. Suppose -n*b = -b - 20. Determine t(b).
5
Let b(h) = -1 - 1 + 0 + h. Let f = 35 - 30. Calculate b(f).
3
Let v(t) = t**3 - 5*t**2 + t + 1. Suppose 2*h + 3*h - 3*a = 16, 0 = -3*h - 2*a + 2. Suppose h = u - 3. Determine v(u).
6
Suppose -3*q = 2*q - 10, 5*q = -4*x + 170. Suppose -5*p + 11 = a, -4*a + 3*p - 7 - 18 = 0. Let v be x/15 + a/6. Let n(w) = w - 1. Determine n(v).
1
Let c(y) = -2*y**3 - 3*y**2 - y. Let g be c(-2). Let x be (3/g - 0)*4. Let n(j) = 2 - j**2 + 0*j - x*j + 2*j - j. What is n(2)?
-4
Let t(n) = -n. Suppose -u - 10 = -4*u - 4*d, -2 = -2*d. Calculate t(u).
-2
Let r(t) be the second derivative of -t**5/10 + t**4/6 - t**2/2 - 8*t. Give r(2).
-9
Let q(n) = 0*n - 4 - n**3 + 6*n**2 + n - 1. What is q(6)?
1
Suppose 12 = -3*u + 5*k, -2*k = -u + 5*u - 10. Let h(c) = 0 + u - c + 1. Give h(-3).
5
Let b be 1/(-6 - (-4 - 1)). Let p(v) = -v**3 - 2*v**2 - v. Calculate p(b).
0
Let y = -64 + 65. Let p(s) = 3. Let a(r) = r**2 + 1. Let j(g) = -3*a(g) + p(g). Give j(y).
-3
Suppose -2 - 6 = -4*k. Suppose t = -x - 2, -2*t = -7*t - k*x - 13. Let d(h) = -2*h - 1. Give d(t).
5
Let y(x) = -4*x - 2. Let n be y(-3). Let s = 20 + -14. Suppose -s*f = -f + n. Let c(p) = p**3 + p**2 + 3*p + 3. What is c(f)?
-7
Suppose 3*p - 26 = 28. Suppose -o + 12 = j, -5*o + 2 = -p. Suppose -j*d + 12 = -5*d. Let h(f) = f + 2. What is h(d)?
6
Let g(a) be the second derivative of -a**4/24 - a**3/3 - 3*a**2/2 + 3*a. Let v(x) be the first derivative of g(x). Give v(5).
-7
Let k(m) be the third derivative of 0 - 1/24*m**4 + 0*m**3 - m**2 + 1/360*m**6 - 1/40*m**5 + 0*m. Let v(h) be the second derivative of k(h). Calculate v(3).
3
Let u(l) = 7*l**2 - l. Let o be ((-1)/2)/(14/28). Calculate u(o).
8
Let v = 45 + -42. Let h(t) = 4*t**2 + 6*t + 9. Let q(x) = 5*x**2 + 7*x + 10. Let a(z) = -6*h(z) + 5*q(z). Give a(v).
2
Suppose -4*t = -9 - 3. Let g(w) = -4 - 6*w**2 + 2*w - 4*w + t. Let h = 0 - 1. Calculate g(h).
-5
Let s(w) = -5*w**2 + 2*w + 1. Suppose -3*k - 18 = -5*k - 4*b, 4*b = 20. Determine s(k).
-6
Let j(s) = s**3 + s + 1. Let r(a) = -3*a**3 + a**2 - 7*a - 5. Let n(x) = 4*j(x) + r(x). Give n(-2).
1
Let n = -2 - -5. Let k(p) = 3 - p**2 - 2 - p**n + 7*p - 3*p**2. Suppose -10 = 4*q + 10. Calculate k(q).
-9
Suppose 20 = 2*r - k + 5*k, -3*r + 5*k = 14. Let f(t) be the second derivative of -t**5/10 + t**4/6 + t**3/6 - t**2/2 - 3*t. Calculate f(r).
-7
Let a(z) be the second derivative of -z**5/30 - 5*z**4/24 + 2*z**3/3 - 3*z**2/2 - 2*z. Let x(k) be the first derivative of a(k). Give x(-4).
-8
Let w(h) = -h - 8. Let j be ((-72)/(-32))/(3/(-8)). Calculate w(j).
-2
Let g(n) = -n**2 + 11*n - 4. Let w be g(8). Suppose 4*a + w = 8. Let q(h) = h**3 + 3*h**2 - h + 4. Calculate q(a).
7
Let v be 12/(-2*(-9)/(-24)). Let n = v + 12. Let g(m) = -4*m**2 - 3*m. Let s(u) = -7*u**2 - 7*u - 1. Let z(d) = 5*g(d) - 3*s(d). Give z(n).
-5
Let u(g) be the second derivative of 5*g**4/6 + g**3/6 - g**2/2 + 19*g. Determine u(1).
10
Let g = -15 + 18. Suppose g*f - 2 + 23 = -3*l, 5*f = 2*l - 7. Let c(a) = -a**3 - 3*a**2 + 3*a - 5. Determine c(l).
-1
Let j(g) = g**3 - 47 + 49 - g + 3*g + 4*g**2. Calculate j(-2).
6
Let g(c) be the first derivative of c**5/60 - c**4/4 - c**3/6 + c**2 - 3. Let f(h) be the second derivative of g(h). Let t be 1/(-2 - 11/(-5)). Determine f(t).
-6
Let m = -1 + -1. Let q(i) = -17*i**2 - 8*i - 15. Let v(z) = 8*z**2 + 4*z + 7. Let n(x) = -4*q(x) - 9*v(x). What is n(m)?
-11
Let f(a) = -a + 4. Suppose 18*n - 16*n = 14. Determine f(n).
-3
Let x(s) = 7*s - 13. Let n(k) = -11*k + 20. Suppose -5*v = -v - 20. Let r(z) = v*n(z) + 8*x(z). Give r(6).
2
Let q(h) = -h**3 + 5*h**2 + 8*h - 7. Let j(m) = m - 7. Let b be j(12). Let w(v) = -v**3 + 5*v**2 + 8*v - 8. Let z(k) = b*q(k) - 4*w(k). Give z(6).
9
Suppose -10 + 4 = 3*w. Let l = -2 - -4. Let j(k) = 0*k**l - 3*k**2 - 1 + 2*k**2. What is j(w)?
-5
Let r(p) = p**2 - 3*p + 2. Let w = 19 + -15. Calculate r(w).
6
Let c(s) = -1 + 35*s**2 + 6*s - 5 - 36*s**2. Give c(5).
-1
Let i be (-4)/(-1 + 1 - 2). Let k(r) = i*r - 6*r + 7*r - 2. What is k(4)?
10
Let g(h) = h**2 + 5*h - 1. Let r(p) be the first derivative of -p**2/2 + 7*p + 3. Let j be r(11). Calculate g(j).
-5
Let h(x) = x**3 - 6*x**2 + x - 2. Let l = 77 - 71. Determine h(l).
4
Let i(g) = 1 - 3*g**2 - 12*g + 21*g + 4*g**2 + 6. Determine i(-6).
-11
Suppose 8 = -0*u + u -